{"id":19,"date":"2016-03-20T18:26:27","date_gmt":"2016-03-20T18:26:27","guid":{"rendered":"http:\/\/hivernagecaravanes.lafermesauvage.be\/?page_id=19"},"modified":"2025-08-14T15:09:43","modified_gmt":"2025-08-14T13:09:43","slug":"tarif","status":"publish","type":"page","link":"https:\/\/hivernagecaravanes.lafermesauvage.be\/?page_id=19","title":{"rendered":"Tarif"},"content":{"rendered":"<p>Les tarifs sont fonction de la taille et du type de v\u00e9hicule.<\/p>\n<p>Par exemple:<\/p>\n<p>une caravane de 6m ( mesur\u00e9e avec son timon ) co\u00fbte 440\u20ac\/an ,<\/p>\n<p>un camping car ( tente sur remorque) co\u00fbte 300\u20ac\/an ,<\/p>\n<p>un mobilhome de 7m maximum co\u00fbte 700\u20ac\/an.<\/p>\n<p>Attention: Nous n&rsquo;acceptons pas de caravane \u00e0 double essieux.<\/p>\n<p>N&rsquo;h\u00e9sitez pas \u00e0 nous contacter pour connaitre le tarif exact de votre v\u00e9hicule, ou celui des box de stockage, garde meubles.<\/p>\n","protected":false},"excerpt":{"rendered":"<p>Les tarifs sont fonction de la taille et du type de v\u00e9hicule. Par exemple: une caravane de 6m ( mesur\u00e9e avec son timon ) co\u00fbte 440\u20ac\/an , un camping car ( tente sur remorque) co\u00fbte 300\u20ac\/an , un mobilhome de &hellip; <a href=\"https:\/\/hivernagecaravanes.lafermesauvage.be\/?page_id=19\">Continuer la lecture <span class=\"meta-nav\">&rarr;<\/span><\/a><\/p>\n","protected":false},"author":1,"featured_media":0,"parent":0,"menu_order":0,"comment_status":"closed","ping_status":"closed","template":"","meta":{"footnotes":""},"class_list":["post-19","page","type-page","status-publish","hentry"],"_links":{"self":[{"href":"https:\/\/hivernagecaravanes.lafermesauvage.be\/index.php?rest_route=\/wp\/v2\/pages\/19","targetHints":{"allow":["GET"]}}],"collection":[{"href":"https:\/\/hivernagecaravanes.lafermesauvage.be\/index.php?rest_route=\/wp\/v2\/pages"}],"about":[{"href":"https:\/\/hivernagecaravanes.lafermesauvage.be\/index.php?rest_route=\/wp\/v2\/types\/page"}],"author":[{"embeddable":true,"href":"https:\/\/hivernagecaravanes.lafermesauvage.be\/index.php?rest_route=\/wp\/v2\/users\/1"}],"replies":[{"embeddable":true,"href":"https:\/\/hivernagecaravanes.lafermesauvage.be\/index.php?rest_route=%2Fwp%2Fv2%2Fcomments&post=19"}],"version-history":[{"count":20,"href":"https:\/\/hivernagecaravanes.lafermesauvage.be\/index.php?rest_route=\/wp\/v2\/pages\/19\/revisions"}],"predecessor-version":[{"id":166,"href":"https:\/\/hivernagecaravanes.lafermesauvage.be\/index.php?rest_route=\/wp\/v2\/pages\/19\/revisions\/166"}],"wp:attachment":[{"href":"https:\/\/hivernagecaravanes.lafermesauvage.be\/index.php?rest_route=%2Fwp%2Fv2%2Fmedia&parent=19"}],"curies":[{"name":"wp","href":"https:\/\/api.w.org\/{rel}","templated":true}]}}